{"id":270,"date":"2023-09-11T04:28:23","date_gmt":"2023-09-11T02:28:23","guid":{"rendered":"https:\/\/impresiondigital.webfusion.cl\/?page_id=270"},"modified":"2023-09-26T02:08:48","modified_gmt":"2023-09-26T00:08:48","slug":"editor","status":"publish","type":"page","link":"https:\/\/impresiondigital.webfusion.cl\/index.php\/editor\/","title":{"rendered":"Editor"},"content":{"rendered":"<p>[et_pb_section fb_built=\u00bb1&#8243; _builder_version=\u00bb4.22.1&#8243; _module_preset=\u00bbdefault\u00bb custom_padding=\u00bb50px||0px|||\u00bb global_colors_info=\u00bb{}\u00bb][et_pb_row _builder_version=\u00bb4.22.1&#8243; _module_preset=\u00bbdefault\u00bb global_colors_info=\u00bb{}\u00bb][et_pb_column type=\u00bb4_4&#8243; _builder_version=\u00bb4.22.1&#8243; _module_preset=\u00bbdefault\u00bb global_colors_info=\u00bb{}\u00bb][et_pb_text _builder_version=\u00bb4.22.2&#8243; header_font=\u00bbSpectral||||||||\u00bb header_font_size=\u00bb4vw\u00bb background_color=\u00bbRGBA(255,255,255,0)\u00bb custom_margin=\u00bb0px|0px||-100px|false|false\u00bb custom_padding=\u00bb|0px||||\u00bb hover_enabled=\u00bb0&#8243; header_font_size_tablet=\u00bb56px\u00bb header_font_size_phone=\u00bb40px\u00bb header_font_size_last_edited=\u00bbon|phone\u00bb locked=\u00bboff\u00bb global_colors_info=\u00bb{}\u00bb sticky_enabled=\u00bb0&#8243;]<\/p>\n<h1><span>Descubre el Editor de Productos M\u00e1s Potente y F\u00e1cil de Usar<\/span><\/h1>\n<p>[\/et_pb_text][\/et_pb_column][\/et_pb_row][\/et_pb_section][et_pb_section fb_built=\u00bb1&#8243; make_equal=\u00bbon\u00bb use_custom_gutter=\u00bbon\u00bb gutter_width=\u00bb1&#8243; specialty=\u00bbon\u00bb prev_background_color=\u00bb#ffffff\u00bb next_background_color=\u00bb#ffffff\u00bb use_background_color_gradient_1=\u00bboff\u00bb background_color_gradient_overlays_image_1=\u00bbon\u00bb padding_top_2=\u00bb80px\u00bb padding_top_bottom_link_2=\u00bbfalse\u00bb padding_left_right_link_2=\u00bbfalse\u00bb padding_2_tablet=\u00bb0px||||false|false\u00bb padding_2_phone=\u00bb\u00bb padding_2_last_edited=\u00bbon|tablet\u00bb admin_label=\u00bbHeader\u00bb _builder_version=\u00bb4.22.1&#8243; background_color=\u00bbRGBA(255,255,255,0)\u00bb background_image=\u00bbhttps:\/\/impresiondigital.webfusion.cl\/wp-content\/uploads\/2023\/09\/editor_principal1.jpg\u00bb inner_max_width=\u00bb80%\u00bb inner_module_alignment=\u00bbright\u00bb custom_margin=\u00bb3px||||false|false\u00bb custom_margin_tablet=\u00bb||||false|false\u00bb custom_margin_last_edited=\u00bboff|desktop\u00bb custom_padding=\u00bb0px||0px||true|false\u00bb top_divider_style=\u00bbarrow2&#8243; top_divider_height=\u00bb50px\u00bb bottom_divider_style=\u00bbarrow3&#8243; bottom_divider_height=\u00bb50px\u00bb background_color_gradient_stops_tablet=\u00bb#FFFFFF 0%|rgba(196,196,196,0.5) 0%\u00bb background_color_gradient_stops_phone=\u00bb#FFFFFF 0%|rgba(196,196,196,0.5) 0%\u00bb background_color_gradient_start_position_tablet=\u00bb0%\u00bb background_color_gradient_start_position_phone=\u00bb0%\u00bb background_color_gradient_end_position_tablet=\u00bb0%\u00bb background_color_gradient_end_position_phone=\u00bb0%\u00bb inner_module_alignment_tablet=\u00bbcenter\u00bb inner_module_alignment_phone=\u00bb\u00bb inner_module_alignment_last_edited=\u00bbon|desktop\u00bb global_colors_info=\u00bb{}\u00bb][et_pb_column type=\u00bb3_4&#8243; specialty_columns=\u00bb3&#8243; _builder_version=\u00bb4.16&#8243; custom_padding=\u00bb|||\u00bb global_colors_info=\u00bb{}\u00bb custom_padding__hover=\u00bb|||\u00bb][\/et_pb_column][et_pb_column type=\u00bb1_4&#8243; _builder_version=\u00bb4.16&#8243; custom_padding=\u00bb|||\u00bb global_colors_info=\u00bb{}\u00bb custom_padding__hover=\u00bb|||\u00bb][et_pb_blurb title=\u00bbMulti-Tecnolog\u00eda\u00bb image=\u00bbhttps:\/\/impresiondigital.webfusion.cl\/wp-content\/uploads\/2023\/09\/multiple-tecnologia.png\u00bb _builder_version=\u00bb4.22.1&#8243; header_font=\u00bb|700|||||||\u00bb header_font_size=\u00bb12px\u00bb header_line_height=\u00bb1.2em\u00bb background_color=\u00bbrgba(12,113,195,0.85)\u00bb text_orientation=\u00bbcenter\u00bb background_layout=\u00bbdark\u00bb width=\u00bb140px\u00bb width_tablet=\u00bb100%\u00bb width_phone=\u00bb\u00bb width_last_edited=\u00bbon|tablet\u00bb max_width_tablet=\u00bb100%\u00bb max_width_last_edited=\u00bboff|desktop\u00bb custom_padding=\u00bb30px|30px|20px|30px|false|true\u00bb custom_padding_tablet=\u00bb20px|30px|5px|30px|false|true\u00bb custom_padding_phone=\u00bb\u00bb custom_padding_last_edited=\u00bbon|tablet\u00bb child_filter_opacity=\u00bb25%\u00bb link_option_url=\u00bb#\u00bb custom_css_blurb_image=\u00bbmargin-bottom: 14px\u00bb global_colors_info=\u00bb{}\u00bb background_color__hover=\u00bb#4a525e\u00bb background_enable_color__hover=\u00bbon\u00bb background__hover_enabled=\u00bbon|hover\u00bb custom_padding__hover_enabled=\u00bboff|hover\u00bb custom_padding__hover=\u00bb|30px||30px|false|true\u00bb width__hover_enabled=\u00bbon|desktop\u00bb width__hover=\u00bb156px\u00bb child_filter_opacity__hover_enabled=\u00bbon|hover\u00bb child_filter_opacity__hover=\u00bb100%\u00bb][\/et_pb_blurb][et_pb_blurb title=\u00bbEdici\u00f3n Avanzada\u00bb image=\u00bbhttps:\/\/impresiondigital.webfusion.cl\/wp-content\/uploads\/2023\/09\/edicion.png\u00bb _builder_version=\u00bb4.22.1&#8243; header_font=\u00bb|700|||||||\u00bb header_font_size=\u00bb12px\u00bb header_line_height=\u00bb1.2em\u00bb background_color=\u00bbrgba(12,113,195,0.85)\u00bb text_orientation=\u00bbcenter\u00bb background_layout=\u00bbdark\u00bb width=\u00bb140px\u00bb width_tablet=\u00bb100%\u00bb width_phone=\u00bb\u00bb width_last_edited=\u00bbon|tablet\u00bb max_width_tablet=\u00bb100%\u00bb max_width_last_edited=\u00bboff|desktop\u00bb custom_padding=\u00bb30px|30px|20px|30px|false|true\u00bb custom_padding_tablet=\u00bb20px|30px|5px|30px|false|true\u00bb custom_padding_phone=\u00bb\u00bb custom_padding_last_edited=\u00bbon|tablet\u00bb child_filter_opacity=\u00bb25%\u00bb link_option_url=\u00bb#\u00bb custom_css_blurb_image=\u00bbmargin-bottom: 14px\u00bb global_colors_info=\u00bb{}\u00bb background_color__hover=\u00bb#4a525e\u00bb background_enable_color__hover=\u00bbon\u00bb custom_padding__hover=\u00bb|30px||30px|false|true\u00bb custom_padding__hover_enabled=\u00bboff|hover\u00bb width__hover=\u00bb156px\u00bb width__hover_enabled=\u00bbon|desktop\u00bb background__hover_enabled=\u00bbon|hover\u00bb child_filter_opacity__hover=\u00bb100%\u00bb child_filter_opacity__hover_enabled=\u00bbon|hover\u00bb][\/et_pb_blurb][et_pb_blurb title=\u00bbDise\u00f1o por Etapas\u00bb image=\u00bbhttps:\/\/impresiondigital.webfusion.cl\/wp-content\/uploads\/2023\/09\/diseno-etapas.png\u00bb _builder_version=\u00bb4.22.1&#8243; header_font=\u00bb|700|||||||\u00bb header_font_size=\u00bb12px\u00bb header_line_height=\u00bb1.2em\u00bb background_color=\u00bbrgba(12,113,195,0.85)\u00bb text_orientation=\u00bbcenter\u00bb background_layout=\u00bbdark\u00bb width=\u00bb140px\u00bb width_tablet=\u00bb100%\u00bb width_phone=\u00bb\u00bb width_last_edited=\u00bbon|tablet\u00bb max_width_tablet=\u00bb100%\u00bb max_width_last_edited=\u00bboff|desktop\u00bb custom_padding=\u00bb30px|30px|20px|30px|false|true\u00bb custom_padding_tablet=\u00bb20px|30px|5px|30px|false|true\u00bb custom_padding_phone=\u00bb\u00bb custom_padding_last_edited=\u00bbon|tablet\u00bb child_filter_opacity=\u00bb25%\u00bb link_option_url=\u00bb#\u00bb custom_css_blurb_image=\u00bbmargin-bottom: 14px\u00bb locked=\u00bboff\u00bb global_colors_info=\u00bb{}\u00bb background_color__hover=\u00bb#4a525e\u00bb background_enable_color__hover=\u00bbon\u00bb custom_padding__hover=\u00bb|30px||30px|false|true\u00bb custom_padding__hover_enabled=\u00bboff|hover\u00bb width__hover=\u00bb156px\u00bb width__hover_enabled=\u00bbon|desktop\u00bb background__hover_enabled=\u00bbon|hover\u00bb child_filter_opacity__hover=\u00bb100%\u00bb child_filter_opacity__hover_enabled=\u00bbon|hover\u00bb][\/et_pb_blurb][et_pb_blurb title=\u00bbComparte y Guarda\u00bb image=\u00bbhttps:\/\/impresiondigital.webfusion.cl\/wp-content\/uploads\/2023\/09\/guardar-compartir.png\u00bb _builder_version=\u00bb4.22.1&#8243; header_font=\u00bb|700|||||||\u00bb header_font_size=\u00bb12px\u00bb header_line_height=\u00bb1.2em\u00bb background_color=\u00bbrgba(12,113,195,0.85)\u00bb text_orientation=\u00bbcenter\u00bb background_layout=\u00bbdark\u00bb width=\u00bb140px\u00bb width_tablet=\u00bb100%\u00bb width_phone=\u00bb\u00bb width_last_edited=\u00bbon|tablet\u00bb max_width_tablet=\u00bb100%\u00bb max_width_last_edited=\u00bboff|desktop\u00bb custom_padding=\u00bb30px|30px|20px|30px|false|true\u00bb custom_padding_tablet=\u00bb20px|30px|5px|30px|false|true\u00bb custom_padding_phone=\u00bb\u00bb custom_padding_last_edited=\u00bbon|tablet\u00bb child_filter_opacity=\u00bb25%\u00bb link_option_url=\u00bb#\u00bb custom_css_blurb_image=\u00bbmargin-bottom: 14px\u00bb locked=\u00bboff\u00bb global_colors_info=\u00bb{}\u00bb background_color__hover=\u00bb#4a525e\u00bb background_enable_color__hover=\u00bbon\u00bb custom_padding__hover=\u00bb|30px||30px|false|true\u00bb custom_padding__hover_enabled=\u00bboff|hover\u00bb width__hover=\u00bb156px\u00bb width__hover_enabled=\u00bbon|desktop\u00bb background__hover_enabled=\u00bbon|hover\u00bb child_filter_opacity__hover=\u00bb100%\u00bb child_filter_opacity__hover_enabled=\u00bbon|hover\u00bb][\/et_pb_blurb][\/et_pb_column][\/et_pb_section][et_pb_section fb_built=\u00bb1&#8243; _builder_version=\u00bb4.16&#8243; global_colors_info=\u00bb{}\u00bb][et_pb_row column_structure=\u00bb1_3,2_3&#8243; make_equal=\u00bbon\u00bb _builder_version=\u00bb4.22.1&#8243; custom_padding=\u00bb||0px|||\u00bb global_colors_info=\u00bb{}\u00bb][et_pb_column type=\u00bb1_3&#8243; _builder_version=\u00bb4.16&#8243; z_index=\u00bb10&#8243; global_colors_info=\u00bb{}\u00bb][et_pb_text _builder_version=\u00bb4.22.1&#8243; text_font_size=\u00bb16px\u00bb text_line_height=\u00bb2em\u00bb header_2_font=\u00bbSpectral||||||||\u00bb header_2_text_align=\u00bbright\u00bb header_2_font_size=\u00bb60px\u00bb header_2_line_height=\u00bb1.2em\u00bb background_enable_color=\u00bboff\u00bb custom_margin=\u00bb70px|-50%|70px|60px|true|false\u00bb text_font_size_tablet=\u00bb15px\u00bb text_font_size_phone=\u00bb14px\u00bb text_font_size_last_edited=\u00bbon|phone\u00bb header_2_font_size_tablet=\u00bb50px\u00bb header_2_font_size_phone=\u00bb35px\u00bb header_2_font_size_last_edited=\u00bbon|phone\u00bb locked=\u00bboff\u00bb global_colors_info=\u00bb{}\u00bb]<\/p>\n<h2><span>Variedad Creativa al Alcance de Tus Manos<\/span><\/h2>\n<p><span>Descubre un universo de posibilidades con nuestro editor. Selecciona entre una amplia gama de plantillas predise\u00f1adas, im\u00e1genes gratuitas y elementos personalizables para dar vida a tus ideas. Con tantas opciones, la \u00fanica limitaci\u00f3n es tu imaginaci\u00f3n.<\/span><\/p>\n<p>[\/et_pb_text][et_pb_image src=\u00bbhttps:\/\/impresiondigital.webfusion.cl\/wp-content\/uploads\/2023\/09\/editor4_imagenes_free.jpg\u00bb title_text=\u00bbeditor4_imagenes_free\u00bb _builder_version=\u00bb4.22.1&#8243; transform_scale=\u00bb128%|128%\u00bb custom_margin=\u00bb|-50%|||false|false\u00bb global_colors_info=\u00bb{}\u00bb][\/et_pb_image][\/et_pb_column][et_pb_column type=\u00bb2_3&#8243; _builder_version=\u00bb4.22.1&#8243; background_image=\u00bbhttps:\/\/impresiondigital.webfusion.cl\/wp-content\/uploads\/2023\/09\/editor2_plantillas.jpg\u00bb background_size=\u00bbinitial\u00bb global_colors_info=\u00bb{}\u00bb][\/et_pb_column][\/et_pb_row][\/et_pb_section][et_pb_section fb_built=\u00bb1&#8243; admin_label=\u00bbCategories\u00bb _builder_version=\u00bb4.16&#8243; locked=\u00bboff\u00bb global_colors_info=\u00bb{}\u00bb][et_pb_row column_structure=\u00bb2_5,3_5&#8243; _builder_version=\u00bb4.22.1&#8243; _module_preset=\u00bbdefault\u00bb global_colors_info=\u00bb{}\u00bb][et_pb_column type=\u00bb2_5&#8243; _builder_version=\u00bb4.22.1&#8243; _module_preset=\u00bbdefault\u00bb global_colors_info=\u00bb{}\u00bb][et_pb_image src=\u00bbhttps:\/\/impresiondigital.webfusion.cl\/wp-content\/uploads\/2023\/09\/editor_principal2.jpg\u00bb title_text=\u00bbeditor_principal2&#8243; _builder_version=\u00bb4.22.1&#8243; _module_preset=\u00bbdefault\u00bb global_colors_info=\u00bb{}\u00bb][\/et_pb_image][\/et_pb_column][et_pb_column type=\u00bb3_5&#8243; _builder_version=\u00bb4.22.1&#8243; _module_preset=\u00bbdefault\u00bb global_colors_info=\u00bb{}\u00bb][et_pb_heading title=\u00bbSelecci\u00f3n y Personalizaci\u00f3n del Producto\u00bb _builder_version=\u00bb4.22.1&#8243; _module_preset=\u00bbdefault\u00bb global_colors_info=\u00bb{}\u00bb][\/et_pb_heading][et_pb_text _builder_version=\u00bb4.22.1&#8243; _module_preset=\u00bbdefault\u00bb global_colors_info=\u00bb{}\u00bb]<\/p>\n<p><span>Con nuestro editor, personalizar productos es m\u00e1s que solo elegir un dise\u00f1o. Selecciona el <strong>color, la cantidad, y la tecnolog\u00eda de impresi\u00f3n<\/strong> que mejor se adapte a tus necesidades, todo ello en un entorno sencillo y transparente.<\/span><\/p>\n<p>[\/et_pb_text][\/et_pb_column][\/et_pb_row][et_pb_row column_structure=\u00bb2_5,3_5&#8243; _builder_version=\u00bb4.22.1&#8243; _module_preset=\u00bbdefault\u00bb global_colors_info=\u00bb{}\u00bb][et_pb_column type=\u00bb2_5&#8243; _builder_version=\u00bb4.22.1&#8243; _module_preset=\u00bbdefault\u00bb global_colors_info=\u00bb{}\u00bb][et_pb_image src=\u00bbhttps:\/\/impresiondigital.webfusion.cl\/wp-content\/uploads\/2023\/09\/editor_plantillas.jpg\u00bb title_text=\u00bbeditor_plantillas\u00bb _builder_version=\u00bb4.22.1&#8243; _module_preset=\u00bbdefault\u00bb max_height=\u00bb1000px\u00bb global_colors_info=\u00bb{}\u00bb][\/et_pb_image][\/et_pb_column][et_pb_column type=\u00bb3_5&#8243; _builder_version=\u00bb4.22.1&#8243; _module_preset=\u00bbdefault\u00bb global_colors_info=\u00bb{}\u00bb][et_pb_heading title=\u00bbOpciones de Edici\u00f3n M\u00faltiples\u00bb _builder_version=\u00bb4.22.1&#8243; _module_preset=\u00bbdefault\u00bb global_colors_info=\u00bb{}\u00bb][\/et_pb_heading][et_pb_text _builder_version=\u00bb4.22.1&#8243; _module_preset=\u00bbdefault\u00bb global_colors_info=\u00bb{}\u00bb]<\/p>\n<p><span>Descubre un mundo de posibilidades con nuestro editor avanzado, dise\u00f1ado para desatar tu creatividad. Ofrecemos una amplia variedad de recursos como<strong> plantillas predise\u00f1adas, extensas bibliotecas de cliparts, m\u00e1scaras para efectos especiales<\/strong> y mucho m\u00e1s, todo para garantizar que puedas personalizar tus productos con facilidad y estilo.<\/span><\/p>\n<p>[\/et_pb_text][\/et_pb_column][\/et_pb_row][et_pb_row column_structure=\u00bb2_5,3_5&#8243; _builder_version=\u00bb4.22.1&#8243; _module_preset=\u00bbdefault\u00bb global_colors_info=\u00bb{}\u00bb][et_pb_column type=\u00bb2_5&#8243; _builder_version=\u00bb4.22.1&#8243; _module_preset=\u00bbdefault\u00bb global_colors_info=\u00bb{}\u00bb][et_pb_image src=\u00bbhttps:\/\/impresiondigital.webfusion.cl\/wp-content\/uploads\/2023\/09\/editor5_precios-1.jpg\u00bb title_text=\u00bbeditor5_precios\u00bb _builder_version=\u00bb4.22.1&#8243; _module_preset=\u00bbdefault\u00bb global_colors_info=\u00bb{}\u00bb][\/et_pb_image][\/et_pb_column][et_pb_column type=\u00bb3_5&#8243; _builder_version=\u00bb4.22.1&#8243; _module_preset=\u00bbdefault\u00bb global_colors_info=\u00bb{}\u00bb][et_pb_heading title=\u00bbControl Total sobre la Estructura de Precios\u00bb _builder_version=\u00bb4.22.1&#8243; _module_preset=\u00bbdefault\u00bb global_colors_info=\u00bb{}\u00bb][\/et_pb_heading][et_pb_text _builder_version=\u00bb4.22.1&#8243; _module_preset=\u00bbdefault\u00bb global_colors_info=\u00bb{}\u00bb]<\/p>\n<p>Adapta la tarificaci\u00f3n seg\u00fan tus necesidades espec\u00edficas. Con nuestro editor, puedes <strong>personalizar el precio del producto<\/strong> basado en etapas de dise\u00f1o, recursos de impresi\u00f3n, im\u00e1genes, plantillas, colores, \u00e1reas y hasta pasadas de m\u00e1quina. La flexibilidad para configurar <strong>tu estructura de precios<\/strong> est\u00e1 en tus manos.<\/p>\n<p>[\/et_pb_text][\/et_pb_column][\/et_pb_row][et_pb_row column_structure=\u00bb3_5,2_5&#8243; _builder_version=\u00bb4.22.1&#8243; _module_preset=\u00bbdefault\u00bb global_colors_info=\u00bb{}\u00bb][et_pb_column type=\u00bb3_5&#8243; _builder_version=\u00bb4.22.1&#8243; _module_preset=\u00bbdefault\u00bb global_colors_info=\u00bb{}\u00bb][et_pb_heading title=\u00bbGuarda y Retoma tus Dise\u00f1os en Cualquier Momento\u00bb _builder_version=\u00bb4.22.1&#8243; _module_preset=\u00bbdefault\u00bb global_colors_info=\u00bb{}\u00bb][\/et_pb_heading][et_pb_text _builder_version=\u00bb4.22.1&#8243; _module_preset=\u00bbdefault\u00bb global_colors_info=\u00bb{}\u00bb]<\/p>\n<p><span>Proporciona a tus clientes la flexibilidad de <strong>guardar y retomar<\/strong> sus dise\u00f1os cuando lo deseen, asegurando una experiencia de usuario sin interrupciones y fomentando la lealtad a largo plazo.<\/span><\/p>\n<p>[\/et_pb_text][\/et_pb_column][et_pb_column type=\u00bb2_5&#8243; _builder_version=\u00bb4.22.1&#8243; _module_preset=\u00bbdefault\u00bb global_colors_info=\u00bb{}\u00bb][et_pb_image src=\u00bbhttps:\/\/impresiondigital.webfusion.cl\/wp-content\/uploads\/2023\/09\/editor6_disenos.jpg\u00bb title_text=\u00bbeditor6_dise\u00f1os\u00bb _builder_version=\u00bb4.22.1&#8243; _module_preset=\u00bbdefault\u00bb global_colors_info=\u00bb{}\u00bb][\/et_pb_image][\/et_pb_column][\/et_pb_row][et_pb_row column_structure=\u00bb3_5,2_5&#8243; _builder_version=\u00bb4.22.1&#8243; _module_preset=\u00bbdefault\u00bb global_colors_info=\u00bb{}\u00bb][et_pb_column type=\u00bb3_5&#8243; _builder_version=\u00bb4.22.1&#8243; _module_preset=\u00bbdefault\u00bb global_colors_info=\u00bb{}\u00bb][et_pb_heading title=\u00bbComparte Tu Creatividad con Un Clic\u00bb _builder_version=\u00bb4.22.1&#8243; _module_preset=\u00bbdefault\u00bb global_colors_info=\u00bb{}\u00bb][\/et_pb_heading][et_pb_text _builder_version=\u00bb4.22.1&#8243; _module_preset=\u00bbdefault\u00bb global_colors_info=\u00bb{}\u00bb]<\/p>\n<p><span>Fomenta la colaboraci\u00f3n y comparte tus dise\u00f1os \u00fanicos de manera sencilla. Nuestro editor te permite generar enlaces de tus proyectos para que puedas compartirlos con clientes, colegas o en tus redes sociales, todo en tiempo real.<\/span><\/p>\n<p>[\/et_pb_text][\/et_pb_column][et_pb_column type=\u00bb2_5&#8243; _builder_version=\u00bb4.22.1&#8243; _module_preset=\u00bbdefault\u00bb global_colors_info=\u00bb{}\u00bb][et_pb_image src=\u00bbhttps:\/\/impresiondigital.webfusion.cl\/wp-content\/uploads\/2023\/09\/editor_comparte-1.jpg\u00bb title_text=\u00bbeditor_comparte\u00bb _builder_version=\u00bb4.22.1&#8243; _module_preset=\u00bbdefault\u00bb global_colors_info=\u00bb{}\u00bb][\/et_pb_image][\/et_pb_column][\/et_pb_row][et_pb_row column_structure=\u00bb3_5,2_5&#8243; _builder_version=\u00bb4.22.1&#8243; _module_preset=\u00bbdefault\u00bb global_colors_info=\u00bb{}\u00bb][et_pb_column type=\u00bb3_5&#8243; _builder_version=\u00bb4.22.1&#8243; _module_preset=\u00bbdefault\u00bb global_colors_info=\u00bb{}\u00bb][et_pb_heading title=\u00bbControl Completo sobre Descargas e Impresiones\u00bb _builder_version=\u00bb4.22.1&#8243; _module_preset=\u00bbdefault\u00bb global_colors_info=\u00bb{}\u00bb][\/et_pb_heading][et_pb_text _builder_version=\u00bb4.22.1&#8243; _module_preset=\u00bbdefault\u00bb global_colors_info=\u00bb{}\u00bb]<\/p>\n<p><span>Decide si tus clientes tendr\u00e1n la opci\u00f3n de descargar o imprimir sus creaciones. Mant\u00e9n el control total para que cada acci\u00f3n est\u00e9 en perfecta sinton\u00eda con la estrategia de tu negocio.<\/span><\/p>\n<p>[\/et_pb_text][\/et_pb_column][et_pb_column type=\u00bb2_5&#8243; _builder_version=\u00bb4.22.1&#8243; _module_preset=\u00bbdefault\u00bb global_colors_info=\u00bb{}\u00bb][et_pb_image src=\u00bbhttps:\/\/impresiondigital.webfusion.cl\/wp-content\/uploads\/2023\/09\/editor_imprimir.jpg\u00bb title_text=\u00bbeditor_imprimir\u00bb _builder_version=\u00bb4.22.1&#8243; _module_preset=\u00bbdefault\u00bb global_colors_info=\u00bb{}\u00bb][\/et_pb_image][\/et_pb_column][\/et_pb_row][\/et_pb_section][et_pb_section fb_built=\u00bb1&#8243; _builder_version=\u00bb4.22.1&#8243; _module_preset=\u00bbdefault\u00bb global_colors_info=\u00bb{}\u00bb][et_pb_row _builder_version=\u00bb4.22.1&#8243; _module_preset=\u00bbdefault\u00bb global_colors_info=\u00bb{}\u00bb][et_pb_column type=\u00bb4_4&#8243; _builder_version=\u00bb4.22.1&#8243; _module_preset=\u00bbdefault\u00bb global_colors_info=\u00bb{}\u00bb][et_pb_button button_url=\u00bb@ET-DC@eyJkeW5hbWljIjp0cnVlLCJjb250ZW50IjoicG9zdF9saW5rX3VybF9wYWdlIiwic2V0dGluZ3MiOnsicG9zdF9pZCI6IjE2In19@\u00bb button_text=\u00bbDescubre la Versatilidad de Nuestro Editor \u00a1Pru\u00e9balo Ahora!\u00bb button_alignment=\u00bbcenter\u00bb _builder_version=\u00bb4.22.1&#8243; _dynamic_attributes=\u00bbbutton_url\u00bb _module_preset=\u00bbdefault\u00bb custom_button=\u00bbon\u00bb button_text_size=\u00bb30px\u00bb button_text_color=\u00bb#FFFFFF\u00bb button_bg_color=\u00bb#0C71C3&#8243; button_border_width=\u00bb0px\u00bb button_border_color=\u00bb#0C71C3&#8243; button_border_radius=\u00bb100px\u00bb global_colors_info=\u00bb{}\u00bb][\/et_pb_button][et_pb_button button_url=\u00bb@ET-DC@eyJkeW5hbWljIjp0cnVlLCJjb250ZW50IjoicG9zdF9saW5rX3VybF9wYWdlIiwic2V0dGluZ3MiOnsicG9zdF9pZCI6IjQyMyJ9fQ==@\u00bb button_text=\u00bbRevisa Nuestra Secci\u00f3n de Preguntas Frecuentes\u00bb button_alignment=\u00bbcenter\u00bb _builder_version=\u00bb4.22.1&#8243; _dynamic_attributes=\u00bbbutton_url\u00bb _module_preset=\u00bbdefault\u00bb custom_button=\u00bbon\u00bb button_text_size=\u00bb30px\u00bb button_text_color=\u00bb#FFFFFF\u00bb button_bg_color=\u00bb#0C71C3&#8243; button_border_width=\u00bb0px\u00bb button_border_color=\u00bb#0C71C3&#8243; button_border_radius=\u00bb100px\u00bb global_colors_info=\u00bb{}\u00bb][\/et_pb_button][\/et_pb_column][\/et_pb_row][\/et_pb_section]<\/p>\n","protected":false},"excerpt":{"rendered":"<p>Descubre el Editor de Productos M\u00e1s Potente y F\u00e1cil de UsarVariedad Creativa al Alcance de Tus Manos Descubre un universo de posibilidades con nuestro editor. Selecciona entre una amplia gama de plantillas predise\u00f1adas, im\u00e1genes gratuitas y elementos personalizables para dar vida a tus ideas. Con tantas opciones, la \u00fanica limitaci\u00f3n es tu imaginaci\u00f3n.Con nuestro editor, [&hellip;]<\/p>\n","protected":false},"author":1,"featured_media":0,"parent":0,"menu_order":1,"comment_status":"closed","ping_status":"closed","template":"","meta":{"_et_pb_use_builder":"on","_et_pb_old_content":"","_et_gb_content_width":"","content-type":"","footnotes":""},"_links":{"self":[{"href":"https:\/\/impresiondigital.webfusion.cl\/index.php\/wp-json\/wp\/v2\/pages\/270"}],"collection":[{"href":"https:\/\/impresiondigital.webfusion.cl\/index.php\/wp-json\/wp\/v2\/pages"}],"about":[{"href":"https:\/\/impresiondigital.webfusion.cl\/index.php\/wp-json\/wp\/v2\/types\/page"}],"author":[{"embeddable":true,"href":"https:\/\/impresiondigital.webfusion.cl\/index.php\/wp-json\/wp\/v2\/users\/1"}],"replies":[{"embeddable":true,"href":"https:\/\/impresiondigital.webfusion.cl\/index.php\/wp-json\/wp\/v2\/comments?post=270"}],"version-history":[{"count":19,"href":"https:\/\/impresiondigital.webfusion.cl\/index.php\/wp-json\/wp\/v2\/pages\/270\/revisions"}],"predecessor-version":[{"id":579,"href":"https:\/\/impresiondigital.webfusion.cl\/index.php\/wp-json\/wp\/v2\/pages\/270\/revisions\/579"}],"wp:attachment":[{"href":"https:\/\/impresiondigital.webfusion.cl\/index.php\/wp-json\/wp\/v2\/media?parent=270"}],"curies":[{"name":"wp","href":"https:\/\/api.w.org\/{rel}","templated":true}]}}