{"id":91,"date":"2023-09-05T21:04:40","date_gmt":"2023-09-05T19:04:40","guid":{"rendered":"https:\/\/impresiondigital.webfusion.cl\/?post_type=product&#038;p=91"},"modified":"2023-09-14T05:15:54","modified_gmt":"2023-09-14T03:15:54","slug":"polera-hombre-personalizada","status":"publish","type":"product","link":"https:\/\/impresiondigital.webfusion.cl\/index.php\/producto\/polera-hombre-personalizada\/","title":{"rendered":"Polera Hombre Manga Corta"},"content":{"rendered":"<p>[et_pb_section fb_built=\u00bb1&#8243; _builder_version=\u00bb4.16&#8243; custom_padding=\u00bb0px||||false|false\u00bb global_colors_info=\u00bb{}\u00bb][et_pb_row _builder_version=\u00bb4.16&#8243; background_size=\u00bbinitial\u00bb background_position=\u00bbtop_left\u00bb background_repeat=\u00bbrepeat\u00bb width=\u00bb100%\u00bb custom_padding=\u00bb0px||0px||false|false\u00bb global_colors_info=\u00bb{}\u00bb][et_pb_column type=\u00bb4_4&#8243; _builder_version=\u00bb4.16&#8243; custom_padding=\u00bb|||\u00bb global_colors_info=\u00bb{}\u00bb custom_padding__hover=\u00bb|||\u00bb][et_pb_wc_breadcrumb _builder_version=\u00bb4.16&#8243; global_colors_info=\u00bb{}\u00bb][\/et_pb_wc_breadcrumb][et_pb_wc_cart_notice _builder_version=\u00bb4.16&#8243; global_colors_info=\u00bb{}\u00bb][\/et_pb_wc_cart_notice][\/et_pb_column][\/et_pb_row][et_pb_row column_structure=\u00bb1_2,1_2&#8243; admin_label=\u00bbFila\u00bb _builder_version=\u00bb4.16&#8243; background_size=\u00bbinitial\u00bb background_position=\u00bbtop_left\u00bb background_repeat=\u00bbrepeat\u00bb width=\u00bb100%\u00bb custom_padding=\u00bb0px||||false|false\u00bb global_colors_info=\u00bb{}\u00bb][et_pb_column type=\u00bb1_2&#8243; _builder_version=\u00bb4.16&#8243; custom_padding=\u00bb|||\u00bb global_colors_info=\u00bb{}\u00bb custom_padding__hover=\u00bb|||\u00bb][et_pb_wc_images _builder_version=\u00bb4.16&#8243; global_colors_info=\u00bb{}\u00bb][\/et_pb_wc_images][\/et_pb_column][et_pb_column type=\u00bb1_2&#8243; _builder_version=\u00bb4.16&#8243; custom_padding=\u00bb|||\u00bb global_colors_info=\u00bb{}\u00bb custom_padding__hover=\u00bb|||\u00bb][et_pb_wc_title _builder_version=\u00bb4.16&#8243; global_colors_info=\u00bb{}\u00bb][\/et_pb_wc_title][et_pb_wc_rating _builder_version=\u00bb4.16&#8243; global_colors_info=\u00bb{}\u00bb][\/et_pb_wc_rating][et_pb_wc_price _builder_version=\u00bb4.16&#8243; global_colors_info=\u00bb{}\u00bb][\/et_pb_wc_price][et_pb_wc_description _builder_version=\u00bb4.16&#8243; global_colors_info=\u00bb{}\u00bb][\/et_pb_wc_description][et_pb_wc_add_to_cart _builder_version=\u00bb4.16&#8243; global_colors_info=\u00bb{}\u00bb][\/et_pb_wc_add_to_cart][et_pb_wc_meta _builder_version=\u00bb4.16&#8243; global_colors_info=\u00bb{}\u00bb][\/et_pb_wc_meta][\/et_pb_column][\/et_pb_row][et_pb_row _builder_version=\u00bb4.16&#8243; background_size=\u00bbinitial\u00bb background_position=\u00bbtop_left\u00bb background_repeat=\u00bbrepeat\u00bb width=\u00bb100%\u00bb global_colors_info=\u00bb{}\u00bb][et_pb_column type=\u00bb4_4&#8243; _builder_version=\u00bb4.16&#8243; custom_padding=\u00bb|||\u00bb global_colors_info=\u00bb{}\u00bb custom_padding__hover=\u00bb|||\u00bb][et_pb_wc_tabs _builder_version=\u00bb4.16&#8243; global_colors_info=\u00bb{}\u00bb]\t\t\t\t\t[\/et_pb_wc_tabs][et_pb_wc_upsells _builder_version=\u00bb4.16&#8243; global_colors_info=\u00bb{}\u00bb][\/et_pb_wc_upsells][et_pb_wc_related_products _builder_version=\u00bb4.16&#8243; global_colors_info=\u00bb{}\u00bb][\/et_pb_wc_related_products][\/et_pb_column][\/et_pb_row][\/et_pb_section]<\/p>\n","protected":false},"excerpt":{"rendered":"<p>Poleras \u00fanicas dise\u00f1adas por ti, para ti. Calidad, comodidad y estilo en cada prenda personalizada. \u00a1Haz que tu estilo hable por ti!<\/p>\n","protected":false},"featured_media":194,"comment_status":"open","ping_status":"closed","template":"","meta":{"_et_pb_use_builder":"on","_et_pb_old_content":"Descubre la m\u00e1xima expresi\u00f3n de individualidad con nuestras poleras personalizadas. Hechas con una mezcla de algod\u00f3n 100% org\u00e1nico y poli\u00e9ster reciclado, estas camisetas no solo son suaves al tacto sino tambi\u00e9n amigables con el medio ambiente. Gracias a la tecnolog\u00eda de impresi\u00f3n de alta calidad, tus dise\u00f1os se mantendr\u00e1n vivos y brillantes lavado tras lavado.\r\n\r\nCaracter\u00edsticas:\r\n<ul>\r\n \t<li>Composici\u00f3n de tela: 100% algod\u00f3n<\/li>\r\n \t<li>Disponible en varios tama\u00f1os y colores<\/li>\r\n \t<li>Corte regular para una comodidad \u00f3ptima<\/li>\r\n \t<li>Etiquetas removibles para evitar irritaci\u00f3n<\/li>\r\n \t<li>Resistente al encogimiento y la deformaci\u00f3n<\/li>\r\n<\/ul>\r\nDeja que tu creatividad fluya y haz que cada d\u00eda sea una nueva oportunidad para mostrar tu estilo \u00fanico. \u00a1Crea tu polera personalizada hoy!","_et_gb_content_width":"","content-type":""},"product_cat":[39],"product_tag":[37,38],"_links":{"self":[{"href":"https:\/\/impresiondigital.webfusion.cl\/index.php\/wp-json\/wp\/v2\/product\/91"}],"collection":[{"href":"https:\/\/impresiondigital.webfusion.cl\/index.php\/wp-json\/wp\/v2\/product"}],"about":[{"href":"https:\/\/impresiondigital.webfusion.cl\/index.php\/wp-json\/wp\/v2\/types\/product"}],"replies":[{"embeddable":true,"href":"https:\/\/impresiondigital.webfusion.cl\/index.php\/wp-json\/wp\/v2\/comments?post=91"}],"wp:featuredmedia":[{"embeddable":true,"href":"https:\/\/impresiondigital.webfusion.cl\/index.php\/wp-json\/wp\/v2\/media\/194"}],"wp:attachment":[{"href":"https:\/\/impresiondigital.webfusion.cl\/index.php\/wp-json\/wp\/v2\/media?parent=91"}],"wp:term":[{"taxonomy":"product_cat","embeddable":true,"href":"https:\/\/impresiondigital.webfusion.cl\/index.php\/wp-json\/wp\/v2\/product_cat?post=91"},{"taxonomy":"product_tag","embeddable":true,"href":"https:\/\/impresiondigital.webfusion.cl\/index.php\/wp-json\/wp\/v2\/product_tag?post=91"}],"curies":[{"name":"wp","href":"https:\/\/api.w.org\/{rel}","templated":true}]}}